 20 = -2*d + p + 71, 54 = 2*d - 2*p. List the prime factors of d.
2, 3
List the prime factors of 1420/(-8)*(-1188)/110.
3, 71
List the prime factors of 5442/8 - ((-63)/(-28) + -3).
3, 227
Suppose 3*w - 7*w + 664 = 0. What are the prime factors of w?
2, 83
Suppose -2273*u + 2282*u = 9243. List the prime factors of u.
13, 79
Let a = -30 - -33. Suppose 0*v = a*v - 249. List the prime factors of v.
83
What are the prime factors of (10/(-4))/(7/(-924))?
2, 3, 5, 11
Suppose -13 = -f - 5*g, -5*f + 0*g = -2*g - 200. Suppose 4*v - 8 - 149 = n, -v + f = n. Let c = v + -23. What are the prime factors of c?
2
Suppose 91 + 263 = 3*t. What are the prime factors of t?
2, 59
What are the prime factors of 3318/33 + 12/(-22)?
2, 5
Let j = -754 - -1129. List the prime factors of j.
3, 5
Let g = 13 + -11. Suppose -b + g*c - 19 = -4*b, -b - 2*c = -13. Suppose -b*s = -4*a + 62, -5*s - 52 = -4*a + a. What are the prime factors of a?
2, 7
Suppose -13 = -5*q + 7, 3*a - 1317 = 3*q. What are the prime factors of a?
443
Suppose 5*f = 3*p + 1989, 3*f = -5*p - 187 + 1360. Suppose f = 31*d - 28*d. List the prime factors of d.
2, 3, 11
Let y(z) = z**2 + 3*z - 4. Let f be y(-5). Suppose 0*a - f*a = -714. What are the prime factors of a?
7, 17
What are the prime factors of (-192428)/(-365) - ((-8)/10 + 1)?
17, 31
Suppose -395 = -3*o - b, o = -3*o - 4*b + 516. List the prime factors of o.
7, 19
Suppose 4*y + 0*y + 5*p - 1528 = 0, y - 3*p - 399 = 0. List the prime factors of y.
3, 43
Let t = -10 + 12. Suppose 3*i - t*i = 0. List the prime factors of (-6)/12*(i + -40).
2, 5
Let r = -595 + 889. List the prime factors of (r/9)/((-2)/(-3)).
7
Let n = 370 - 227. What are the prime factors of n?
11, 13
Let r = 34 - 27. Let a(s) = -3*s + 3. Let v be a(r). Let f = v + 20. List the prime factors of f.
2
Suppose 3*a = -5*o + 21, -2*o + 4 = -2*a + 2. Let w(h) = -5 - h + o - 6*h - h. What are the prime factors of w(-1)?
2, 3
Let y(h) = -h**3 - 11*h**2 + 4*h - 6. Suppose 4*j + 17 + 52 = -3*t, 4*j + 75 = -5*t. Let g be y(j). List the prime factors of g/30 - (-1)/5.
2, 7
Let g(z) = -27*z + 18. Let j be g(-3). Suppose 0 = 3*n, -t - 5*n + j + 36 = 0. What are the prime factors of t?
3, 5
Let o be 3/((-6)/100)*(8 + -9). What are the prime factors of -1 - 238/(-4) - (-25)/o?
59
Let v(h) = h**3 + 11*h**2 + 10*h + 4. Let b be v(-10). Suppose -m = 2*r - 34, 4*r - 85 + 269 = b*m. List the prime factors of m.
2, 3, 7
Suppose -2*n - 14 = -8. List the prime factors of 156 + n + 5 + -3.
5, 31
Suppose 23*z - 3471 = 232. List the prime factors of z.
7, 23
Suppose 0*n = -2*n + 5*q + 9, 0 = 2*n + q - 3. Suppose 4*d - n*y - 2*y = 20, y = -4*d. List the prime factors of 6 + 1/(d - 2).
5
Let c be 0/((1 - -2) + -4). Suppose -v - 3*n + 15 = -1, 4*v + 5*n - 85 = c. What are the prime factors of v?
5
Suppose -3 = 4*o + 2*f + 63, 0 = -5*o + f - 72. What are the prime factors of (204/o)/((-10)/125)?
2, 5, 17
Suppose 4*p - 3*p = -1, 4*v + 4*p - 8 = 0. Suppose -v*a + 8 = 2. What are the prime factors of (1/2 + a)*2?
5
Let l(n) = 5*n**2 - 3 + 12*n + 5*n**2 - 11*n**2. What are the prime factors of l(9)?
2, 3
Suppose 0 = -4*q - 3*b + 13857, -q - 6939 = -3*q - 5*b. List the prime factors of q.
2, 3, 577
Let n = 31 + -19. Suppose n*h = 16*h - 8. List the prime factors of h.
2
Let s = 230 - 178. What are the prime factors of s?
2, 13
Suppose -4*b + 2 + 6 = 0. Suppose b*j - 3 - 189 = 0. List the prime factors of j.
2, 3
Let x = 2 - -3. Let c be (-1)/x - 44/(-20). Suppose -c*i = -3 - 5. List the prime factors of i.
2
Suppose -5746 = -2*f - 11*f. List the prime factors of f.
2, 13, 17
Let z(p) = -p + 0 + 3 - 3. Let f be z(-5). Suppose -n + 14 = 5*v, 3*v - 100 + 8 = -f*n. List the prime factors of n.
19
Let s(o) be the third derivative of -o**6/120 + 2*o**5/15 - 5*o**4/24 + 3*o**3 + 10*o**2. Let l be s(6). Suppose l + 6 = j. List the prime factors of j.
2, 3, 11
Let r = -12 + 19. Let t(f) = -r + 0*f - f + 18 + 4*f. List the prime factors of t(7).
2
Let i(d) = -d + 11. Let t be i(7). Suppose -t*g - 90 = 166. Let f = 90 + g. List the prime factors of f.
2, 13
Let v(g) be the first derivative of 19*g - 1/2*g**2 - 5. What are the prime factors of v(-14)?
3, 11
Suppose 4*o = 1 + 11. Suppose -5*j + 8*c + 335 = o*c, 3*j - 198 = 2*c. What are the prime factors of j?
2
Let i(g) = 3*g**3 + 2*g**2 - 2*g. Let x be i(2). Suppose -5*m = -4*m - x. List the prime factors of m.
2, 7
Let f be -4*(30/8 - 3). Let m(h) = -h**3 - 4*h**2 - 2*h - 1. Let c be m(f). Let k = c + 40. List the prime factors of k.
2, 3
Suppose 0 = 3*d + 2*g - 14, -4*d = d + 2*g - 18. Suppose -d*b - 3*b + 235 = 0. What are the prime factors of b?
47
Let j(s) = -2*s**3 - 5*s**2 + 18*s + 50. What are the prime factors of j(-7)?
5, 73
Let q be 135/9*(-4 - -2)/(-6). Suppose 7*z - 8 = q*z. What are the prime factors of z?
2
What are the prime factors of (3/4)/(((-69)/(-3000))/23)?
2, 3, 5
Let s = -14 + 29. Let t be (-6)/s + 388/20. Suppose -3 + 10 = x - 4*l, 4*l + t = 5*x. List the prime factors of x.
3
Let g(k) = -k**3 - 7*k**2 + 8*k. Let u be g(-8). Let o = u - -2. Suppose -o*y + 6 = 2. List the prime factors of y.
2
Let z be -1*5*15/(-25). Suppose -9 = z*g - 5*k, -2*g - 5 = -3*k - 0. What are the prime factors of 9/g - 3/(-6)?
5
Suppose 16*f - 15*f - 5 = 0. Suppose 3*x + 9 = -3*t + 39, -t - f*x + 18 = 0. Let j = t - -5. What are the prime factors of j?
13
Suppose -98*q = -93*q + 20. List the prime factors of 5 + q + 9 + 44.
2, 3
Let c(h) = h**3 - 7*h**2 + 6*h + 5. Let l be c(6). Suppose -l = -q, 5*f - 5*q = 2*f + 74. What are the prime factors of f?
3, 11
List the prime factors of (47980/25)/(24/(-40) - -1).
2, 2399
Let b = 30 - 23. Let k = -11 + b. What are the prime factors of (-2)/k + 392/16?
5
Let k = -76 + 362. What are the prime factors of k?
2, 11, 13
Let r(v) = -22*v + 65. Let t(x) = -11*x + 32. Let s(d) = 2*r(d) - 5*t(d). List the prime factors of s(6).
2, 3
Suppose 10*d - 70 = 5*d. Let f = d + -9. Suppose -f*s = -17 - 3. List the prime factors of s.
2
Let p(k) = -k**2 + 9*k + 13. Let a be p(10). Suppose -a*r + 542 = -0*r + 2*h, 0 = -4*r + 5*h + 692. What are the prime factors of r?
2, 89
Suppose 0 = -5*n + 4*b - 5*b + 5065, -4*n - b = -4053. List the prime factors of n.
2, 11, 23
Let d be (8/14)/((-4)/(-28)). Suppose -133 = -2*c - 2*r - 31, c = -d*r + 57. Suppose 3*h = c + 8. What are the prime factors of h?
19
Let c(i) = 2*i**2 + i - 2. Let j be c(-2). Suppose -2*v + 4*v = 54. Suppose 71 = j*r + v. List the prime factors of r.
11
Suppose -3*h + 1212 = 2*z - 1620, -5*z + 4*h + 7080 = 0. What are the prime factors of z?
2, 3, 59
Let q = -847 - -1412. Suppose 0 = a, 3*s + 5*a = -2*s + q. Let v = -68 + s. What are the prime factors of v?
3, 5
Suppose 2*l + r = -r + 2462, -3*l = -r - 3713. List the prime factors of l.
2, 3, 103
Let n(k) = -k**3 - 7*k**2 + 4*k - 2. Let h(t) = t**3 + 7*t**2 - 5*t + 2. Let q(d) = 6*h(d) + 7*n(d). List the prime factors of q(-9).
2, 89
Let w = -44 + 54. Let p = w - -22. List the prime factors of p.
2
Suppose 4*y + 19 + 11 = -2*d, 4*d + 5*y + 57 = 0. Let g(r) = -r**2 - 15*r. What are the prime factors of g(d)?
2, 13
Let f(y) = -y + 36. Let x be 14/21 - 2/3. Let n be f(x). Suppose 4*k = 5*k - n. What are the prime factors of k?
2, 3
Suppose -s = 3 + 3. Let a be -15*(s/9)/(-2). What are the prime factors of 30 - ((-12)/4 - a)?
2, 7
Let c(z) = -29*z + 374. What are the prime factors of c(-43)?
1621
What are the prime factors of -286*(3 + -8)/(-10)*-2?
2, 11, 13
Let y = -1907 - -3836. What are the prime factors of y?
3, 643
Let l = 48 + -53. Let z(i) = -18*i - 22. List the prime factors of z(l).
2, 17
Let l(i) = -i**3 - 10*i**2 - 3*i + 5. Let n = -9 - -8. Let k be ((-3)/(-6) + n)*20. What are the prime factors of l(k)?
5, 7
Let y = 80 + -76. Suppose b = y*b - 54. What are the prime factors of b?
2, 3
What are the prime factors of 386 + 41 - (-6)/2?
2, 5, 43
Let y = -2552 + 4933. List the prime factors of y.
2381
Let d(q) be the first derivative of 5*q**3/3 - q**2/2 + 3. Let l be d(1). Suppose -h - 36 = -l*h. What are the prime factors of h?
2, 3
List the prime factors of 124/(-48)*-147 + (-1)/(-4).
2, 5, 19
Let u(b) = -3*b**3 + 4 - 4*b**2 + 11*b + b**3 - 5. List the prime factors of u(-5).
2, 47
Suppose -3*v = -4*v - 5*k + 14, 2*v - 4*k = 0. L